{"id":2731,"date":"2023-06-11T17:04:20","date_gmt":"2023-06-11T16:04:20","guid":{"rendered":"https:\/\/archive.belbi.bg.ac.rs\/2023\/?page_id=2731"},"modified":"2023-06-13T09:42:15","modified_gmt":"2023-06-13T08:42:15","slug":"keynote-speakers","status":"publish","type":"page","link":"https:\/\/archive.belbi.bg.ac.rs\/2023\/abstracts\/keynote-speakers\/","title":{"rendered":"Keynote speakers"},"content":{"rendered":"<form role=\"search\" method=\"get\" action=\"https:\/\/archive.belbi.bg.ac.rs\/2023\/\" class=\"wp-block-search__button-inside wp-block-search__icon-button aligncenter animated-searchbox wp-block-search\"    ><label class=\"wp-block-search__label screen-reader-text\" for=\"wp-block-search__input-1\" >Search<\/label><div class=\"wp-block-search__inside-wrapper \" ><input class=\"wp-block-search__input has-medium-font-size\" id=\"wp-block-search__input-1\" placeholder=\"Search by author&#039;s name, institution, title or keywords\" value=\"\" type=\"search\" name=\"s\" required \/><input type=\"hidden\" name=\"post_type\" value=\"abstract\" \/><button aria-label=\"Search\" class=\"wp-block-search__button has-text-color has-white-color has-background has-medium-font-size has-icon wp-element-button\" type=\"submit\"  style=\"background-color: #8aac1a\"><svg class=\"search-icon\" viewBox=\"0 0 24 24\" width=\"24\" height=\"24\">\n\t\t\t\t\t<path d=\"M13 5c-3.3 0-6 2.7-6 6 0 1.4.5 2.7 1.3 3.7l-3.8 3.8 1.1 1.1 3.8-3.8c1 .8 2.3 1.3 3.7 1.3 3.3 0 6-2.7 6-6S16.3 5 13 5zm0 10.5c-2.5 0-4.5-2-4.5-4.5s2-4.5 4.5-4.5 4.5 2 4.5 4.5-2 4.5-4.5 4.5z\"><\/path>\n\t\t\t\t<\/svg><\/button><\/div><\/form>\n\n\n<div style=\"height:2em\" aria-hidden=\"true\" class=\"wp-block-spacer\"><\/div>\n\n\n\n<div class=\"wp-block-columns are-vertically-aligned-center is-layout-flex wp-block-columns-is-layout-flex\">\n<div class=\"wp-block-column is-vertically-aligned-center is-layout-flow wp-block-column-is-layout-flow\" style=\"flex-basis:25%\">\n<div class=\"wp-block-button has-custom-width wp-block-button__width-25 has-custom-font-size has-small-font-size\"><a class=\"wp-block-button__link has-text-color has-background wp-element-button\" href=\"https:\/\/archive.belbi.bg.ac.rs\/2023\/abstracts\/keynote-speakers\/\" style=\"color:#eeeeee;background-color:#8aac1a\">Keynote speakers<\/a><\/div>\n<\/div>\n\n\n\n<div class=\"wp-block-column is-vertically-aligned-center is-layout-flow wp-block-column-is-layout-flow\" style=\"flex-basis:25%\">\n<div class=\"wp-block-button has-custom-width wp-block-button__width-25 has-custom-font-size belbi-button is-style-outline has-small-font-size\"><a class=\"wp-block-button__link wp-element-button\" href=\"https:\/\/archive.belbi.bg.ac.rs\/2023\/abstracts\/invited-speakers\/\">&nbsp;Invited speakers<\/a><\/div>\n<\/div>\n\n\n\n<div class=\"wp-block-column is-vertically-aligned-center is-layout-flow wp-block-column-is-layout-flow\" style=\"flex-basis:25%\">\n<div class=\"wp-block-button has-custom-width wp-block-button__width-25 has-custom-font-size belbi-button is-style-outline has-small-font-size\"><a class=\"wp-block-button__link wp-element-button\" href=\"https:\/\/archive.belbi.bg.ac.rs\/2023\/abstracts\/oral-presentations\/\">Oral presentations<\/a><\/div>\n<\/div>\n\n\n\n<div class=\"wp-block-column is-vertically-aligned-center is-layout-flow wp-block-column-is-layout-flow\" style=\"flex-basis:25%\">\n<div class=\"wp-block-button has-custom-width wp-block-button__width-25 has-custom-font-size belbi-button is-style-outline has-small-font-size\"><a class=\"wp-block-button__link wp-element-button\" href=\"https:\/\/archive.belbi.bg.ac.rs\/2023\/abstracts\/poster-presentations\/\">Poster presentations<\/a><\/div>\n<\/div>\n<\/div>\n\n\n<div ><style id=\"wp_carousel_dynamic_css2723\">#sp-wp-carousel-free-id-2723.sp-wpcp-2723 .wpcp-single-item {border: 1px solid #dddddd;}#sp-wp-carousel-free-id-2723.sp-wpcp-2723 .swiper-button-prev,#sp-wp-carousel-free-id-2723.sp-wpcp-2723 .swiper-button-next,#sp-wp-carousel-free-id-2723.sp-wpcp-2723 .swiper-button-prev:hover,#sp-wp-carousel-free-id-2723.sp-wpcp-2723 .swiper-button-next:hover {background: none;border: none;font-size: 30px;}#sp-wp-carousel-free-id-2723.sp-wpcp-2723 .swiper-button-prev i,#sp-wp-carousel-free-id-2723.sp-wpcp-2723 .swiper-button-next i {color: #aaa;}#sp-wp-carousel-free-id-2723.sp-wpcp-2723 .swiper-button-prev i:hover,#sp-wp-carousel-free-id-2723.sp-wpcp-2723 .swiper-button-next i:hover {color: #178087;}#sp-wp-carousel-free-id-2723.sp-wpcp-2723 .wpcp-swiper-dots .swiper-pagination-bullet {background-color: #cccccc;}#sp-wp-carousel-free-id-2723.sp-wpcp-2723 .wpcp-swiper-dots .swiper-pagination-bullet.swiper-pagination-bullet-active {background-color: #178087;} #sp-wp-carousel-free-id-2723.sp-wpcp-2723.wpcp-image-carousel .wpcp-single-item:hover img, #sp-wp-carousel-free-id-2723.sp-wpcp-2723.wpcp-post-carousel .wpcp-single-item:hover img, #sp-wp-carousel-free-id-2723.sp-wpcp-2723.wpcp-product-carousel .wpcp-single-item:hover img{-webkit-transform: scale(1.2);-moz-transform: scale(1.2);transform: scale(1.2);}.wpcp-carousel-wrapper #sp-wp-carousel-free-id-2723.wpcp-post-carousel .wpcp-single-item {background: #f9f9f9;}@media screen and (max-width: 479px) {#sp-wp-carousel-free-id-2723.nav-vertical-center {padding: 0;margin:0;}#sp-wp-carousel-free-id-2723.nav-vertical-center .wpcp-next-button,#sp-wp-carousel-free-id-2723.nav-vertical-center .wpcp-prev-button {display: none;}}#sp-wp-carousel-free-id-2723 .wpcpro-row>[class*=\"wpcpro-col-\"] { padding: 0 10px; padding-bottom: 20px;}@media (min-width: 480px) { .wpcpro-row .wpcpro-col-sm-1 { flex: 0 0 100%; max-width: 100%; } .wpcpro-row .wpcpro-col-sm-2 { flex: 0 0 50%; max-width: 50%; } .wpcpro-row .wpcpro-col-sm-2-5 { flex: 0 0 75%; max-width: 75%; } .wpcpro-row .wpcpro-col-sm-3 { flex: 0 0 33.333%; max-width: 33.333%; } .wpcpro-row .wpcpro-col-sm-4 { flex: 0 0 25%; max-width: 25%; } .wpcpro-row .wpcpro-col-sm-5 { flex: 0 0 20%; max-width: 20%; } .wpcpro-row .wpcpro-col-sm-6 { flex: 0 0 16.66666666666667%; max-width: 16.66666666666667%; } .wpcpro-row .wpcpro-col-sm-7 { flex: 0 0 14.28571428%; max-width: 14.28571428%; } .wpcpro-row .wpcpro-col-sm-8 { flex: 0 0 12.5%; max-width: 12.5%; } } @media (max-width: 480px) { .wpcpro-row .wpcpro-col-xs-1 { flex: 0 0 100%; max-width: 100%; } .wpcpro-row .wpcpro-col-xs-2 { flex: 0 0 50%; max-width: 50%; } .wpcpro-row .wpcpro-col-xs-3 { flex: 0 0 33.222%; max-width: 33.222%; } .wpcpro-row .wpcpro-col-xs-4 { flex: 0 0 25%; max-width: 25%; } .wpcpro-row .wpcpro-col-xs-5 { flex: 0 0 20%; max-width: 20%; } .wpcpro-row .wpcpro-col-xs-6 { flex: 0 0 16.6667%; max-width: 16.6667%; } .wpcpro-row .wpcpro-col-xs-7 { flex: 0 0 14.28571428%; max-width: 14.28571428%; } .wpcpro-row .wpcpro-col-xs-8 { flex: 0 0 12.5%; max-width: 12.5%; } } @media (min-width: 736px) { .wpcpro-row .wpcpro-col-md-1 { flex: 0 0 100%; max-width: 100%; } .wpcpro-row .wpcpro-col-md-2 { flex: 0 0 50%; max-width: 50%; } .wpcpro-row .wpcpro-col-md-2-5 { flex: 0 0 75%; max-width: 75%; } .wpcpro-row .wpcpro-col-md-3 { flex: 0 0 33.333%; max-width: 33.333%; } .wpcpro-row .wpcpro-col-md-4 { flex: 0 0 25%; max-width: 25%; } .wpcpro-row .wpcpro-col-md-5 { flex: 0 0 20%; max-width: 20%; } .wpcpro-row .wpcpro-col-md-6 { flex: 0 0 16.66666666666667%; max-width: 16.66666666666667%; } .wpcpro-row .wpcpro-col-md-7 { flex: 0 0 14.28571428%; max-width: 14.28571428%; } .wpcpro-row .wpcpro-col-md-8 { flex: 0 0 12.5%; max-width: 12.5%; } } @media (min-width: 980px) { .wpcpro-row .wpcpro-col-lg-1 { flex: 0 0 100%; max-width: 100%; } .wpcpro-row .wpcpro-col-lg-2 { flex: 0 0 50%; max-width: 50%; } .wpcpro-row .wpcpro-col-lg-3 { flex: 0 0 33.222%; max-width: 33.222%; } .wpcpro-row .wpcpro-col-lg-4 { flex: 0 0 25%; max-width: 25%; } .wpcpro-row .wpcpro-col-lg-5 { flex: 0 0 20%; max-width: 20%; } .wpcpro-row .wpcpro-col-lg-6 { flex: 0 0 16.6667%; max-width: 16.6667%; } .wpcpro-row .wpcpro-col-lg-7 { flex: 0 0 14.28571428%; max-width: 14.28571428%; } .wpcpro-row .wpcpro-col-lg-8 { flex: 0 0 12.5%; max-width: 12.5%; } } @media (min-width: 1200px) { .wpcpro-row .wpcpro-col-xl-1 { flex: 0 0 100%; max-width: 100%; } .wpcpro-row .wpcpro-col-xl-2 { flex: 0 0 50%; max-width: 50%; } .wpcpro-row .wpcpro-col-xl-3 { flex: 0 0 33.22222222%; max-width: 33.22222222%; } .wpcpro-row .wpcpro-col-xl-4 { flex: 0 0 25%; max-width: 25%; } .wpcpro-row .wpcpro-col-xl-5 { flex: 0 0 20%; max-width: 20%; } .wpcpro-row .wpcpro-col-xl-6 { flex: 0 0 16.66667%; max-width: 16.66667%; } .wpcpro-row .wpcpro-col-xl-7 { flex: 0 0 14.28571428%; max-width: 14.28571428%; } .wpcpro-row .wpcpro-col-xl-8 { flex: 0 0 12.5%; max-width: 12.5%; } }<\/style><div class=\"wpcp-carousel-wrapper wpcp-wrapper-2723\">\n\t<div id=\"wpcp-preloader-2723\" class=\"wpcp-carousel-preloader\"><img decoding=\"async\" src=\"https:\/\/archive.belbi.bg.ac.rs\/2023\/wp-content\/plugins\/wp-carousel-free\/public\/css\/spinner.svg\" alt=\"Preloader Image\" \/><\/div>\t<div class=\"wpcp-carousel-content-wrapper\">\n\t<div id=\"sp-wp-carousel-free-id-2723\" class=\"wpcp-carousel-section sp-wpcp-2723  nav-vertical-center wpcp-post-carousel wpcp-preloader wpcp-standard\" data-swiper='{ \"accessibility\":true, \"spaceBetween\":20, \"arrows\":true, \"freeMode\": false, \"autoplay\":true, \"autoplaySpeed\":3000, \"dots\":true, \"infinite\":true, \"speed\":600, \"pauseOnHover\":true,\n\t\t\t\"slidesToShow\":{\"lg_desktop\":1, \"desktop\": 1, \"laptop\": 1, \"tablet\": 1, \"mobile\": 1}, \"responsive\":{\"desktop\":1200, \"laptop\": 980, \"tablet\": 736, \"mobile\": 480}, \"rtl\":false, \"lazyLoad\": \"false\", \"swipe\": true, \"draggable\": true, \"swipeToSlide\":false }'   dir=\"ltr\">\n\t\t<div class=\"swiper-wrapper\">\n\t\t<div class=\"swiper-slide\">\n\t<div class=\"wpcp-single-item\">\n\t\t\t\t<div class=\"wpcp-all-captions\">\n\t\t<h2 class=\"wpcp-post-title\">\n\t<a href=\"https:\/\/archive.belbi.bg.ac.rs\/2023\/abstract\/how-embl-delivers-big-data-for-biology-and-some-highlights-of-its-application-to-human-disease-biology\/\">\n\t\tBig Data in Biology: How EMBL delivers big data for biology, and some highlights of its application to human disease biology\t<\/a>\n<\/h2>\n\t<div class='wpcp-post-content'><p>Ewan Birney<\/p>\n<p>Deputy Director General of EMBL &amp; Joint Director of EMBL-EBI<\/p>\n<p> <a class=\"continue-reading-link\" href=\"https:\/\/archive.belbi.bg.ac.rs\/2023\/abstract\/how-embl-delivers-big-data-for-biology-and-some-highlights-of-its-application-to-human-disease-biology\/\"><span>View abstract<\/span><i class=\"crycon-right-dir\"><\/i><\/a> <\/p>\n<\/div>\n\t\t<\/div>\n\t<\/div>\n<\/div>\n<div class=\"swiper-slide\">\n\t<div class=\"wpcp-single-item\">\n\t\t\t\t<div class=\"wpcp-all-captions\">\n\t\t<h2 class=\"wpcp-post-title\">\n\t<a href=\"https:\/\/archive.belbi.bg.ac.rs\/2023\/abstract\/a-tale-of-two-stories-data-driven-precision-medicine-and-precision-public-health\/\">\n\t\tA tale of two stories: data-driven precision medicine and precision public health\t<\/a>\n<\/h2>\n\t<div class='wpcp-post-content'><p>Kristel Van Steen<sup>1,2<\/sup><\/p>\n<p class=\"affiliation-para\"><sup>1<\/sup>BIO3 Systems Genetics, GIGA-R, Universit\u00e9 de Li\u00e8ge, 4000 Li\u00e8ge, Belgium<\/p>\n<p class=\"affiliation-para\"><sup>2<\/sup>BIO3 Systems Medicine, Department of Human Genetics, KU Leuven, 3000 Leuven, Belgium<\/p>\n<p> <a class=\"continue-reading-link\" href=\"https:\/\/archive.belbi.bg.ac.rs\/2023\/abstract\/a-tale-of-two-stories-data-driven-precision-medicine-and-precision-public-health\/\"><span>View abstract<\/span><i class=\"crycon-right-dir\"><\/i><\/a> <\/p>\n<\/div>\n\t\t<\/div>\n\t<\/div>\n<\/div>\n<div class=\"swiper-slide\">\n\t<div class=\"wpcp-single-item\">\n\t\t\t\t<div class=\"wpcp-all-captions\">\n\t\t<h2 class=\"wpcp-post-title\">\n\t<a href=\"https:\/\/archive.belbi.bg.ac.rs\/2023\/abstract\/machine-intelligence-and-network-science-for-complex-systems-big-data-analysis\/\">\n\t\tMachine intelligence and network science for complex systems big data analysis\t<\/a>\n<\/h2>\n\t<div class='wpcp-post-content'><p>Carlo Vittorio Cannistraci<sup>1<\/sup><\/p>\n<p class=\"affiliation-para\"><sup>1<\/sup>Center for Complex Network Intelligence, Tsinghua Laboratory of Brain and Intelligence, Tsinghua University, 160 Chengfu Rd., Beijing, China<\/p>\n<p> <a class=\"continue-reading-link\" href=\"https:\/\/archive.belbi.bg.ac.rs\/2023\/abstract\/machine-intelligence-and-network-science-for-complex-systems-big-data-analysis\/\"><span>View abstract<\/span><i class=\"crycon-right-dir\"><\/i><\/a> <\/p>\n<\/div>\n\t\t<\/div>\n\t<\/div>\n<\/div>\n<div class=\"swiper-slide\">\n\t<div class=\"wpcp-single-item\">\n\t\t\t\t<div class=\"wpcp-all-captions\">\n\t\t<h2 class=\"wpcp-post-title\">\n\t<a href=\"https:\/\/archive.belbi.bg.ac.rs\/2023\/abstract\/targeting-llps-in-disease-a-new-modality-in-drug-development\/\">\n\t\tTargeting LLPS in disease: a new modality in drug development\t<\/a>\n<\/h2>\n\t<div class='wpcp-post-content'><p>Peter Tompa<sup>1,2<\/sup><\/p>\n<p class=\"affiliation-para\"><sup>1<\/sup>VIB-VUB Center for Structural Biology, Brussels, Belgium<\/p>\n<p class=\"affiliation-para\"><sup>2<\/sup>Vrije Universiteit Brussel (VUB), Dept. DBIT, Brussels, Belgium<\/p>\n<p> <a class=\"continue-reading-link\" href=\"https:\/\/archive.belbi.bg.ac.rs\/2023\/abstract\/targeting-llps-in-disease-a-new-modality-in-drug-development\/\"><span>View abstract<\/span><i class=\"crycon-right-dir\"><\/i><\/a> <\/p>\n<\/div>\n\t\t<\/div>\n\t<\/div>\n<\/div>\n<div class=\"swiper-slide\">\n\t<div class=\"wpcp-single-item\">\n\t\t\t\t<div class=\"wpcp-all-captions\">\n\t\t<h2 class=\"wpcp-post-title\">\n\t<a href=\"https:\/\/archive.belbi.bg.ac.rs\/2023\/abstract\/translating-bioinformatics-back-to-healthcare-facilitating-the-use-of-artificial-intelligence-at-uw-medicine\/\">\n\t\tTranslating Bioinformatics Back To Healthcare: Facilitating the use of Artificial Intelligence at UW Medicine\t<\/a>\n<\/h2>\n\t<div class='wpcp-post-content'><p>Sean D. Mooney<sup>1,2,3<\/sup><\/p>\n<p class=\"affiliation-para\"><sup>1<\/sup>Department of Biomedical Informatics and Medical Education, University of Washington, 850 Republican St, Seattle, WA, 98109<\/p>\n<p class=\"affiliation-para\"><sup>2<\/sup>Institute for Medical Data Science, University of Washington, 850 Republican St, Seattle, WA, 98109<\/p>\n<p class=\"affiliation-para\"><sup>3<\/sup>UW Medicine, 1001 4th Ave, Seattle, WA, 98154<\/p>\n<p> <a class=\"continue-reading-link\" href=\"https:\/\/archive.belbi.bg.ac.rs\/2023\/abstract\/translating-bioinformatics-back-to-healthcare-facilitating-the-use-of-artificial-intelligence-at-uw-medicine\/\"><span>View abstract<\/span><i class=\"crycon-right-dir\"><\/i><\/a> <\/p>\n<\/div>\n\t\t<\/div>\n\t<\/div>\n<\/div>\n<div class=\"swiper-slide\">\n\t<div class=\"wpcp-single-item\">\n\t\t\t\t<div class=\"wpcp-all-captions\">\n\t\t<h2 class=\"wpcp-post-title\">\n\t<a href=\"https:\/\/archive.belbi.bg.ac.rs\/2023\/abstract\/bioinformatics-education-course-on-gene-networks-reconstruction-using-online-tools\/\">\n\t\tBioinformatics education course on gene networks reconstruction using online tools\t<\/a>\n<\/h2>\n\t<div class='wpcp-post-content'><p>Yuriy L. Orlov<sup>1,2,3<\/sup>, Anastasia A. Anashkina<sup>1<\/sup><\/p>\n<p class=\"affiliation-para\"><sup>1<\/sup>Institute of Cytology and Genetics, Siberian Branch of the Russian Academy of Sciences, Novosibirsk 630090, Russia<\/p>\n<p class=\"affiliation-para\"><sup>2<\/sup>Agrarian and Technological Institute, Peoples\u2019 Friendship University of Russia, Moscow 117198, Russia<\/p>\n<p class=\"affiliation-para\"><sup>3<\/sup>The Digital Health Institute, I.M.Sechenov First Moscow State Medical University of the Russian Ministry of Health (Sechenov University), Moscow 119991, Russia<\/p>\n<p> <a class=\"continue-reading-link\" href=\"https:\/\/archive.belbi.bg.ac.rs\/2023\/abstract\/bioinformatics-education-course-on-gene-networks-reconstruction-using-online-tools\/\"><span>View abstract<\/span><i class=\"crycon-right-dir\"><\/i><\/a> <\/p>\n<\/div>\n\t\t<\/div>\n\t<\/div>\n<\/div>\n<div class=\"swiper-slide\">\n\t<div class=\"wpcp-single-item\">\n\t\t\t\t<div class=\"wpcp-all-captions\">\n\t\t<h2 class=\"wpcp-post-title\">\n\t<a href=\"https:\/\/archive.belbi.bg.ac.rs\/2023\/abstract\/a-new-framework-for-the-use-of-variant-interpretation-tools-in-clinical-practice\/\">\n\t\tA New Framework for the Use of Variant Interpretation Tools in Clinical Practice\t<\/a>\n<\/h2>\n\t<div class='wpcp-post-content'><p>Predrag Radivojac<sup>1<\/sup><\/p>\n<p class=\"affiliation-para\"><sup>1<\/sup>Khoury College of Computer Sciences, Northeastern University, Boston, Massachusetts, USA<\/p>\n<p> <a class=\"continue-reading-link\" href=\"https:\/\/archive.belbi.bg.ac.rs\/2023\/abstract\/a-new-framework-for-the-use-of-variant-interpretation-tools-in-clinical-practice\/\"><span>View abstract<\/span><i class=\"crycon-right-dir\"><\/i><\/a> <\/p>\n<\/div>\n\t\t<\/div>\n\t<\/div>\n<\/div>\n<div class=\"swiper-slide\">\n\t<div class=\"wpcp-single-item\">\n\t\t\t\t<div class=\"wpcp-all-captions\">\n\t\t<h2 class=\"wpcp-post-title\">\n\t<a href=\"https:\/\/archive.belbi.bg.ac.rs\/2023\/abstract\/privacy-preserving-systems-medicine\/\">\n\t\tPrivacy-preserving Systems Medicine\t<\/a>\n<\/h2>\n\t<div class='wpcp-post-content'><p>Jan Baumbach<sup>1,2<\/sup><\/p>\n<p class=\"affiliation-para\"><sup>1<\/sup>Institute for Computational Systems Biology, University of Hamburg, Notkestrasse 9, 22607 Hamburg, Germany<\/p>\n<p class=\"affiliation-para\"><sup>2<\/sup>Computational BioMedicine lab, Institute of Mathematics and Computer Science, University of Southern Denmark, Campusvej 1, 5000 Odense M, Denmark<\/p>\n<p> <a class=\"continue-reading-link\" href=\"https:\/\/archive.belbi.bg.ac.rs\/2023\/abstract\/privacy-preserving-systems-medicine\/\"><span>View abstract<\/span><i class=\"crycon-right-dir\"><\/i><\/a> <\/p>\n<\/div>\n\t\t<\/div>\n\t<\/div>\n<\/div>\n\t\t<\/div>\n\t\t\t\t\t<div class=\"wpcp-swiper-dots swiper-pagination\"><\/div>\n\t\t\t\t<!-- If we need navigation buttons -->\n\t\t\t\t\t<div class=\"wpcp-prev-button swiper-button-prev\"><i class=\"fa fa-angle-left\"><\/i><\/div>\n\t\t\t<div class=\"wpcp-next-button swiper-button-next\"><i class=\"fa fa-angle-right\"><\/i><\/div>\n\t\t\t<\/div>\n\t<\/div>\n<\/div>\n<\/div>\n\n\n<div class=\"wp-block-columns is-layout-flex wp-block-columns-is-layout-flex\">\n<div class=\"wp-block-column is-layout-flow wp-block-column-is-layout-flow\"><\/div>\n\n\n\n<div class=\"wp-block-column is-layout-flow wp-block-column-is-layout-flow\"><\/div>\n<\/div>\n","protected":false},"excerpt":{"rendered":"<p> <a class=\"continue-reading-link\" href=\"https:\/\/archive.belbi.bg.ac.rs\/2023\/abstracts\/keynote-speakers\/\"><span>View abstract<\/span><i class=\"crycon-right-dir\"><\/i><\/a> <\/p>\n","protected":false},"author":162,"featured_media":0,"parent":2729,"menu_order":0,"comment_status":"closed","ping_status":"closed","template":"","meta":{"footnotes":""},"yoast_head":"<!-- This site is optimized with the Yoast SEO plugin v23.0 - https:\/\/yoast.com\/wordpress\/plugins\/seo\/ -->\n<title>Keynote speakers - BelBi 2023<\/title>\n<meta name=\"description\" content=\"Keynote speakers   &nbsp;Invited speakers   Oral presentations   Poster presentations\" \/>\n<meta name=\"robots\" content=\"index, follow, max-snippet:-1, max-image-preview:large, max-video-preview:-1\" \/>\n<link rel=\"canonical\" href=\"https:\/\/archive.belbi.bg.ac.rs\/2023\/abstracts\/keynote-speakers\/\" \/>\n<meta property=\"og:locale\" content=\"en_US\" \/>\n<meta property=\"og:type\" content=\"article\" \/>\n<meta property=\"og:title\" content=\"Keynote speakers - BelBi 2023\" \/>\n<meta property=\"og:description\" content=\"Keynote speakers   &nbsp;Invited speakers   Oral presentations   Poster presentations\" \/>\n<meta property=\"og:url\" content=\"https:\/\/archive.belbi.bg.ac.rs\/2023\/abstracts\/keynote-speakers\/\" \/>\n<meta property=\"og:site_name\" content=\"BelBi 2023\" \/>\n<meta property=\"article:modified_time\" content=\"2023-06-13T08:42:15+00:00\" \/>\n<meta name=\"twitter:card\" content=\"summary_large_image\" \/>\n<meta name=\"twitter:label1\" content=\"Est. reading time\" \/>\n\t<meta name=\"twitter:data1\" content=\"1 minute\" \/>\n<script type=\"application\/ld+json\" class=\"yoast-schema-graph\">{\"@context\":\"https:\/\/schema.org\",\"@graph\":[{\"@type\":\"WebPage\",\"@id\":\"https:\/\/archive.belbi.bg.ac.rs\/2023\/abstracts\/keynote-speakers\/\",\"url\":\"https:\/\/archive.belbi.bg.ac.rs\/2023\/abstracts\/keynote-speakers\/\",\"name\":\"Keynote speakers - BelBi 2023\",\"isPartOf\":{\"@id\":\"https:\/\/archive.belbi.bg.ac.rs\/2023\/#website\"},\"datePublished\":\"2023-06-11T16:04:20+00:00\",\"dateModified\":\"2023-06-13T08:42:15+00:00\",\"description\":\"Keynote speakers &nbsp;Invited speakers Oral presentations Poster presentations\",\"breadcrumb\":{\"@id\":\"https:\/\/archive.belbi.bg.ac.rs\/2023\/abstracts\/keynote-speakers\/#breadcrumb\"},\"inLanguage\":\"en-US\",\"potentialAction\":[{\"@type\":\"ReadAction\",\"target\":[\"https:\/\/archive.belbi.bg.ac.rs\/2023\/abstracts\/keynote-speakers\/\"]}]},{\"@type\":\"BreadcrumbList\",\"@id\":\"https:\/\/archive.belbi.bg.ac.rs\/2023\/abstracts\/keynote-speakers\/#breadcrumb\",\"itemListElement\":[{\"@type\":\"ListItem\",\"position\":1,\"name\":\"Home\",\"item\":\"https:\/\/archive.belbi.bg.ac.rs\/2023\/\"},{\"@type\":\"ListItem\",\"position\":2,\"name\":\"Abstracts\",\"item\":\"https:\/\/archive.belbi.bg.ac.rs\/2023\/abstracts\/\"},{\"@type\":\"ListItem\",\"position\":3,\"name\":\"Keynote speakers\"}]},{\"@type\":\"WebSite\",\"@id\":\"https:\/\/archive.belbi.bg.ac.rs\/2023\/#website\",\"url\":\"https:\/\/archive.belbi.bg.ac.rs\/2023\/\",\"name\":\"BelBi 2023\",\"description\":\"\",\"publisher\":{\"@id\":\"https:\/\/archive.belbi.bg.ac.rs\/2023\/#organization\"},\"potentialAction\":[{\"@type\":\"SearchAction\",\"target\":{\"@type\":\"EntryPoint\",\"urlTemplate\":\"https:\/\/archive.belbi.bg.ac.rs\/2023\/?s={search_term_string}\"},\"query-input\":\"required name=search_term_string\"}],\"inLanguage\":\"en-US\"},{\"@type\":\"Organization\",\"@id\":\"https:\/\/archive.belbi.bg.ac.rs\/2023\/#organization\",\"name\":\"Belgrade Bioinformatics Conference\",\"url\":\"https:\/\/archive.belbi.bg.ac.rs\/2023\/\",\"logo\":{\"@type\":\"ImageObject\",\"inLanguage\":\"en-US\",\"@id\":\"https:\/\/archive.belbi.bg.ac.rs\/2023\/#\/schema\/logo\/image\/\",\"url\":\"https:\/\/archive.belbi.bg.ac.rs\/2023\/wp-content\/uploads\/2023\/02\/145_97_171.png\",\"contentUrl\":\"https:\/\/archive.belbi.bg.ac.rs\/2023\/wp-content\/uploads\/2023\/02\/145_97_171.png\",\"width\":278,\"height\":500,\"caption\":\"Belgrade Bioinformatics Conference\"},\"image\":{\"@id\":\"https:\/\/archive.belbi.bg.ac.rs\/2023\/#\/schema\/logo\/image\/\"}}]}<\/script>\n<!-- \/ Yoast SEO plugin. -->","yoast_head_json":{"title":"Keynote speakers - BelBi 2023","description":"Keynote speakers   &nbsp;Invited speakers   Oral presentations   Poster presentations","robots":{"index":"index","follow":"follow","max-snippet":"max-snippet:-1","max-image-preview":"max-image-preview:large","max-video-preview":"max-video-preview:-1"},"canonical":"https:\/\/archive.belbi.bg.ac.rs\/2023\/abstracts\/keynote-speakers\/","og_locale":"en_US","og_type":"article","og_title":"Keynote speakers - BelBi 2023","og_description":"Keynote speakers   &nbsp;Invited speakers   Oral presentations   Poster presentations","og_url":"https:\/\/archive.belbi.bg.ac.rs\/2023\/abstracts\/keynote-speakers\/","og_site_name":"BelBi 2023","article_modified_time":"2023-06-13T08:42:15+00:00","twitter_card":"summary_large_image","twitter_misc":{"Est. reading time":"1 minute"},"schema":{"@context":"https:\/\/schema.org","@graph":[{"@type":"WebPage","@id":"https:\/\/archive.belbi.bg.ac.rs\/2023\/abstracts\/keynote-speakers\/","url":"https:\/\/archive.belbi.bg.ac.rs\/2023\/abstracts\/keynote-speakers\/","name":"Keynote speakers - BelBi 2023","isPartOf":{"@id":"https:\/\/archive.belbi.bg.ac.rs\/2023\/#website"},"datePublished":"2023-06-11T16:04:20+00:00","dateModified":"2023-06-13T08:42:15+00:00","description":"Keynote speakers &nbsp;Invited speakers Oral presentations Poster presentations","breadcrumb":{"@id":"https:\/\/archive.belbi.bg.ac.rs\/2023\/abstracts\/keynote-speakers\/#breadcrumb"},"inLanguage":"en-US","potentialAction":[{"@type":"ReadAction","target":["https:\/\/archive.belbi.bg.ac.rs\/2023\/abstracts\/keynote-speakers\/"]}]},{"@type":"BreadcrumbList","@id":"https:\/\/archive.belbi.bg.ac.rs\/2023\/abstracts\/keynote-speakers\/#breadcrumb","itemListElement":[{"@type":"ListItem","position":1,"name":"Home","item":"https:\/\/archive.belbi.bg.ac.rs\/2023\/"},{"@type":"ListItem","position":2,"name":"Abstracts","item":"https:\/\/archive.belbi.bg.ac.rs\/2023\/abstracts\/"},{"@type":"ListItem","position":3,"name":"Keynote speakers"}]},{"@type":"WebSite","@id":"https:\/\/archive.belbi.bg.ac.rs\/2023\/#website","url":"https:\/\/archive.belbi.bg.ac.rs\/2023\/","name":"BelBi 2023","description":"","publisher":{"@id":"https:\/\/archive.belbi.bg.ac.rs\/2023\/#organization"},"potentialAction":[{"@type":"SearchAction","target":{"@type":"EntryPoint","urlTemplate":"https:\/\/archive.belbi.bg.ac.rs\/2023\/?s={search_term_string}"},"query-input":"required name=search_term_string"}],"inLanguage":"en-US"},{"@type":"Organization","@id":"https:\/\/archive.belbi.bg.ac.rs\/2023\/#organization","name":"Belgrade Bioinformatics Conference","url":"https:\/\/archive.belbi.bg.ac.rs\/2023\/","logo":{"@type":"ImageObject","inLanguage":"en-US","@id":"https:\/\/archive.belbi.bg.ac.rs\/2023\/#\/schema\/logo\/image\/","url":"https:\/\/archive.belbi.bg.ac.rs\/2023\/wp-content\/uploads\/2023\/02\/145_97_171.png","contentUrl":"https:\/\/archive.belbi.bg.ac.rs\/2023\/wp-content\/uploads\/2023\/02\/145_97_171.png","width":278,"height":500,"caption":"Belgrade Bioinformatics Conference"},"image":{"@id":"https:\/\/archive.belbi.bg.ac.rs\/2023\/#\/schema\/logo\/image\/"}}]}},"_links":{"self":[{"href":"https:\/\/archive.belbi.bg.ac.rs\/2023\/wp-json\/wp\/v2\/pages\/2731"}],"collection":[{"href":"https:\/\/archive.belbi.bg.ac.rs\/2023\/wp-json\/wp\/v2\/pages"}],"about":[{"href":"https:\/\/archive.belbi.bg.ac.rs\/2023\/wp-json\/wp\/v2\/types\/page"}],"author":[{"embeddable":true,"href":"https:\/\/archive.belbi.bg.ac.rs\/2023\/wp-json\/wp\/v2\/users\/162"}],"replies":[{"embeddable":true,"href":"https:\/\/archive.belbi.bg.ac.rs\/2023\/wp-json\/wp\/v2\/comments?post=2731"}],"version-history":[{"count":10,"href":"https:\/\/archive.belbi.bg.ac.rs\/2023\/wp-json\/wp\/v2\/pages\/2731\/revisions"}],"predecessor-version":[{"id":2769,"href":"https:\/\/archive.belbi.bg.ac.rs\/2023\/wp-json\/wp\/v2\/pages\/2731\/revisions\/2769"}],"up":[{"embeddable":true,"href":"https:\/\/archive.belbi.bg.ac.rs\/2023\/wp-json\/wp\/v2\/pages\/2729"}],"wp:attachment":[{"href":"https:\/\/archive.belbi.bg.ac.rs\/2023\/wp-json\/wp\/v2\/media?parent=2731"}],"curies":[{"name":"wp","href":"https:\/\/api.w.org\/{rel}","templated":true}]}}