{"id":2874,"date":"2023-06-14T10:09:29","date_gmt":"2023-06-14T09:09:29","guid":{"rendered":"https:\/\/archive.belbi.bg.ac.rs\/2023\/?post_type=abstract&#038;p=2874"},"modified":"2023-06-14T18:37:23","modified_gmt":"2023-06-14T17:37:23","slug":"elongation-factor-p-like-protein-and-polyproline-motifs","status":"publish","type":"abstract","link":"https:\/\/archive.belbi.bg.ac.rs\/2023\/abstract\/elongation-factor-p-like-protein-and-polyproline-motifs\/","title":{"rendered":"Elongation factor P (-like) protein and polyproline motifs"},"content":{"rendered":"\n<p>Marina Parr<sup>1*<\/sup>, Alina Sieber<sup>2<\/sup>, Prof. Dr. Dmitrij Frishman<sup>1<\/sup> and Dr. J\u00fcrgen Lassak<sup>2<\/sup><\/p>\n\n\n\n<p class=\"affiliation-para\"><sup>1<\/sup>Technical University of Munich, Germany<\/p>\n\n\n\n<p class=\"affiliation-para\"><sup>2<\/sup>Ludwig-Maximilians-Universit\u00e4t M\u00fcnchen, Germany<\/p>\n\n\n\n<p>mar.ark.parr [at] gmail.com<\/p>\n\n\n\n<p><strong>Abstract<\/strong><\/p>\n\n\n\n<p class=\"abstract-para\">Two or more consecutive prolines induce ribosome stalling during translation. In bacteria the elongation factor P (EF-P) efficiently rescues the ribosome stalling and allows the protein biosynthesis to continue. A seven amino acids long loop between beta-strands \u03b23\/\u03b24 is crucial for EF-P function. The residue at the tip of the loop is subjected to the post-translational modifications: lysine is lysylated or arginine is rhamnosylated. We have demonstrated that only those enzymes that are needed for specific post-translational modification of the tip are&nbsp; coded in the bacterial genome (EpmA, EpmB and EpmC proteins for EF-P with lysine and EarP- for those with arginine). Phylogenetic analysis has also unveiled an invariant proline in the -2 position of the tip of the loop in EF-Ps that utilize lysine modifications such as Escherichia coli. Bacteria with the arginine modification like Pseudomonas putida on the contrary have selected against it. Combining these observations with experimental evidence, we conclude that \u03b23\/\u03b24 loop composition is important for functionalization of EF-P by chemically distinct modifications.<\/p>\n\n\n\n<p class=\"abstract-para\">Some bacterial genomes also code the elongation factor P-like (EfpL) protein that shares the same domain architecture with EF-P and has an extended loop of eight amino acid residues long. The evolution, sequence and the structure of EfpL protein have been extensively characterized. Using the assay based on luminescence emission and ribosomal profiles we have shown that EfpL can also relieve the arrest of the ribosome induced by polyproline motifs.<\/p>\n\n\n\n<p class=\"abstract-para\">We have also observed the negative correlation between the occurrence of the motif in the proteome of Escherichia coli and its stalling strength measured in luminescence assay. We hypothesize that motifs that cause strong ribosome stalling are disfavored in the protein sequences during evolution due to their impact on the dynamics of translation.<\/p>\n\n\n\n<p class=\"abstract-para\"><strong>Keywords:<\/strong> polyproline motifs, translation, post-translational modifications, evolution, ribosome profiling, ribosome stalling<br><\/p>\n\n\n\n<p class=\"abstract-para\"> <\/p>\n","protected":false},"excerpt":{"rendered":"<p>Marina Parr<sup>1*<\/sup>, Alina Sieber<sup>2<\/sup>, Prof. Dr. Dmitrij Frishman<sup>1<\/sup> and Dr. J\u00fcrgen Lassak<sup>2<\/sup><\/p>\n<p class=\"affiliation-para\"><sup>1<\/sup>Technical University of Munich, Germany<\/p>\n<p class=\"affiliation-para\"><sup>2<\/sup>Ludwig-Maximilians-Universit\u00e4t M\u00fcnchen, Germany<\/p>\n<p> <a class=\"continue-reading-link\" href=\"https:\/\/archive.belbi.bg.ac.rs\/2023\/abstract\/elongation-factor-p-like-protein-and-polyproline-motifs\/\"><span>Continue reading<\/span><i class=\"crycon-right-dir\"><\/i><\/a> <\/p>\n","protected":false},"author":162,"featured_media":0,"template":"","categories":[8],"tags":[],"yoast_head":"<!-- This site is optimized with the Yoast SEO plugin v23.0 - https:\/\/yoast.com\/wordpress\/plugins\/seo\/ -->\n<title>Elongation factor P (-like) protein and polyproline motifs - BelBi 2023<\/title>\n<meta name=\"robots\" content=\"noindex, follow\" \/>\n<meta property=\"og:locale\" content=\"en_US\" \/>\n<meta property=\"og:type\" content=\"article\" \/>\n<meta property=\"og:title\" content=\"Elongation factor P (-like) protein and polyproline motifs - BelBi 2023\" \/>\n<meta property=\"og:description\" content=\"Marina Parr1*, Alina Sieber2, Prof. Dr. Dmitrij Frishman1 and Dr. J\u00fcrgen Lassak21Technical University of Munich, Germany2Ludwig-Maximilians-Universit\u00e4t M\u00fcnchen, Germany Continue reading\" \/>\n<meta property=\"og:url\" content=\"https:\/\/archive.belbi.bg.ac.rs\/2023\/abstract\/elongation-factor-p-like-protein-and-polyproline-motifs\/\" \/>\n<meta property=\"og:site_name\" content=\"BelBi 2023\" \/>\n<meta property=\"article:modified_time\" content=\"2023-06-14T17:37:23+00:00\" \/>\n<meta name=\"twitter:card\" content=\"summary_large_image\" \/>\n<meta name=\"twitter:label1\" content=\"Est. reading time\" \/>\n\t<meta name=\"twitter:data1\" content=\"2 minutes\" \/>\n<script type=\"application\/ld+json\" class=\"yoast-schema-graph\">{\"@context\":\"https:\/\/schema.org\",\"@graph\":[{\"@type\":\"WebPage\",\"@id\":\"https:\/\/archive.belbi.bg.ac.rs\/2023\/abstract\/elongation-factor-p-like-protein-and-polyproline-motifs\/\",\"url\":\"https:\/\/archive.belbi.bg.ac.rs\/2023\/abstract\/elongation-factor-p-like-protein-and-polyproline-motifs\/\",\"name\":\"Elongation factor P (-like) protein and polyproline motifs - BelBi 2023\",\"isPartOf\":{\"@id\":\"https:\/\/archive.belbi.bg.ac.rs\/2023\/#website\"},\"datePublished\":\"2023-06-14T09:09:29+00:00\",\"dateModified\":\"2023-06-14T17:37:23+00:00\",\"breadcrumb\":{\"@id\":\"https:\/\/archive.belbi.bg.ac.rs\/2023\/abstract\/elongation-factor-p-like-protein-and-polyproline-motifs\/#breadcrumb\"},\"inLanguage\":\"en-US\",\"potentialAction\":[{\"@type\":\"ReadAction\",\"target\":[\"https:\/\/archive.belbi.bg.ac.rs\/2023\/abstract\/elongation-factor-p-like-protein-and-polyproline-motifs\/\"]}]},{\"@type\":\"BreadcrumbList\",\"@id\":\"https:\/\/archive.belbi.bg.ac.rs\/2023\/abstract\/elongation-factor-p-like-protein-and-polyproline-motifs\/#breadcrumb\",\"itemListElement\":[{\"@type\":\"ListItem\",\"position\":1,\"name\":\"Home\",\"item\":\"https:\/\/archive.belbi.bg.ac.rs\/2023\/\"},{\"@type\":\"ListItem\",\"position\":2,\"name\":\"Elongation factor P (-like) protein and polyproline motifs\"}]},{\"@type\":\"WebSite\",\"@id\":\"https:\/\/archive.belbi.bg.ac.rs\/2023\/#website\",\"url\":\"https:\/\/archive.belbi.bg.ac.rs\/2023\/\",\"name\":\"BelBi 2023\",\"description\":\"\",\"publisher\":{\"@id\":\"https:\/\/archive.belbi.bg.ac.rs\/2023\/#organization\"},\"potentialAction\":[{\"@type\":\"SearchAction\",\"target\":{\"@type\":\"EntryPoint\",\"urlTemplate\":\"https:\/\/archive.belbi.bg.ac.rs\/2023\/?s={search_term_string}\"},\"query-input\":\"required name=search_term_string\"}],\"inLanguage\":\"en-US\"},{\"@type\":\"Organization\",\"@id\":\"https:\/\/archive.belbi.bg.ac.rs\/2023\/#organization\",\"name\":\"Belgrade Bioinformatics Conference\",\"url\":\"https:\/\/archive.belbi.bg.ac.rs\/2023\/\",\"logo\":{\"@type\":\"ImageObject\",\"inLanguage\":\"en-US\",\"@id\":\"https:\/\/archive.belbi.bg.ac.rs\/2023\/#\/schema\/logo\/image\/\",\"url\":\"https:\/\/archive.belbi.bg.ac.rs\/2023\/wp-content\/uploads\/2023\/02\/145_97_171.png\",\"contentUrl\":\"https:\/\/archive.belbi.bg.ac.rs\/2023\/wp-content\/uploads\/2023\/02\/145_97_171.png\",\"width\":278,\"height\":500,\"caption\":\"Belgrade Bioinformatics Conference\"},\"image\":{\"@id\":\"https:\/\/archive.belbi.bg.ac.rs\/2023\/#\/schema\/logo\/image\/\"}}]}<\/script>\n<!-- \/ Yoast SEO plugin. -->","yoast_head_json":{"title":"Elongation factor P (-like) protein and polyproline motifs - BelBi 2023","robots":{"index":"noindex","follow":"follow"},"og_locale":"en_US","og_type":"article","og_title":"Elongation factor P (-like) protein and polyproline motifs - BelBi 2023","og_description":"Marina Parr1*, Alina Sieber2, Prof. Dr. Dmitrij Frishman1 and Dr. J\u00fcrgen Lassak21Technical University of Munich, Germany2Ludwig-Maximilians-Universit\u00e4t M\u00fcnchen, Germany Continue reading","og_url":"https:\/\/archive.belbi.bg.ac.rs\/2023\/abstract\/elongation-factor-p-like-protein-and-polyproline-motifs\/","og_site_name":"BelBi 2023","article_modified_time":"2023-06-14T17:37:23+00:00","twitter_card":"summary_large_image","twitter_misc":{"Est. reading time":"2 minutes"},"schema":{"@context":"https:\/\/schema.org","@graph":[{"@type":"WebPage","@id":"https:\/\/archive.belbi.bg.ac.rs\/2023\/abstract\/elongation-factor-p-like-protein-and-polyproline-motifs\/","url":"https:\/\/archive.belbi.bg.ac.rs\/2023\/abstract\/elongation-factor-p-like-protein-and-polyproline-motifs\/","name":"Elongation factor P (-like) protein and polyproline motifs - BelBi 2023","isPartOf":{"@id":"https:\/\/archive.belbi.bg.ac.rs\/2023\/#website"},"datePublished":"2023-06-14T09:09:29+00:00","dateModified":"2023-06-14T17:37:23+00:00","breadcrumb":{"@id":"https:\/\/archive.belbi.bg.ac.rs\/2023\/abstract\/elongation-factor-p-like-protein-and-polyproline-motifs\/#breadcrumb"},"inLanguage":"en-US","potentialAction":[{"@type":"ReadAction","target":["https:\/\/archive.belbi.bg.ac.rs\/2023\/abstract\/elongation-factor-p-like-protein-and-polyproline-motifs\/"]}]},{"@type":"BreadcrumbList","@id":"https:\/\/archive.belbi.bg.ac.rs\/2023\/abstract\/elongation-factor-p-like-protein-and-polyproline-motifs\/#breadcrumb","itemListElement":[{"@type":"ListItem","position":1,"name":"Home","item":"https:\/\/archive.belbi.bg.ac.rs\/2023\/"},{"@type":"ListItem","position":2,"name":"Elongation factor P (-like) protein and polyproline motifs"}]},{"@type":"WebSite","@id":"https:\/\/archive.belbi.bg.ac.rs\/2023\/#website","url":"https:\/\/archive.belbi.bg.ac.rs\/2023\/","name":"BelBi 2023","description":"","publisher":{"@id":"https:\/\/archive.belbi.bg.ac.rs\/2023\/#organization"},"potentialAction":[{"@type":"SearchAction","target":{"@type":"EntryPoint","urlTemplate":"https:\/\/archive.belbi.bg.ac.rs\/2023\/?s={search_term_string}"},"query-input":"required name=search_term_string"}],"inLanguage":"en-US"},{"@type":"Organization","@id":"https:\/\/archive.belbi.bg.ac.rs\/2023\/#organization","name":"Belgrade Bioinformatics Conference","url":"https:\/\/archive.belbi.bg.ac.rs\/2023\/","logo":{"@type":"ImageObject","inLanguage":"en-US","@id":"https:\/\/archive.belbi.bg.ac.rs\/2023\/#\/schema\/logo\/image\/","url":"https:\/\/archive.belbi.bg.ac.rs\/2023\/wp-content\/uploads\/2023\/02\/145_97_171.png","contentUrl":"https:\/\/archive.belbi.bg.ac.rs\/2023\/wp-content\/uploads\/2023\/02\/145_97_171.png","width":278,"height":500,"caption":"Belgrade Bioinformatics Conference"},"image":{"@id":"https:\/\/archive.belbi.bg.ac.rs\/2023\/#\/schema\/logo\/image\/"}}]}},"_links":{"self":[{"href":"https:\/\/archive.belbi.bg.ac.rs\/2023\/wp-json\/wp\/v2\/abstract\/2874"}],"collection":[{"href":"https:\/\/archive.belbi.bg.ac.rs\/2023\/wp-json\/wp\/v2\/abstract"}],"about":[{"href":"https:\/\/archive.belbi.bg.ac.rs\/2023\/wp-json\/wp\/v2\/types\/abstract"}],"author":[{"embeddable":true,"href":"https:\/\/archive.belbi.bg.ac.rs\/2023\/wp-json\/wp\/v2\/users\/162"}],"wp:attachment":[{"href":"https:\/\/archive.belbi.bg.ac.rs\/2023\/wp-json\/wp\/v2\/media?parent=2874"}],"wp:term":[{"taxonomy":"category","embeddable":true,"href":"https:\/\/archive.belbi.bg.ac.rs\/2023\/wp-json\/wp\/v2\/categories?post=2874"},{"taxonomy":"post_tag","embeddable":true,"href":"https:\/\/archive.belbi.bg.ac.rs\/2023\/wp-json\/wp\/v2\/tags?post=2874"}],"curies":[{"name":"wp","href":"https:\/\/api.w.org\/{rel}","templated":true}]}}

<p>Marina Parr<sup>1*</sup>, Alina Sieber<sup>2</sup>, Prof. Dr. Dmitrij Frishman<sup>1</sup> and Dr. Jürgen Lassak<sup>2</sup></p>



<p class="affiliation-para"><sup>1</sup>Technical University of Munich, Germany</p>



<p class="affiliation-para"><sup>2</sup>Ludwig-Maximilians-Universität München, Germany</p>



<p>mar.ark.parr [at] gmail.com</p>



<p><strong>Abstract</strong></p>



<p class="abstract-para">Two or more consecutive prolines induce ribosome stalling during translation. In bacteria the elongation factor P (EF-P) efficiently rescues the ribosome stalling and allows the protein biosynthesis to continue. A seven amino acids long loop between beta-strands β3/β4 is crucial for EF-P function. The residue at the tip of the loop is subjected to the post-translational modifications: lysine is lysylated or arginine is rhamnosylated. We have demonstrated that only those enzymes that are needed for specific post-translational modification of the tip are&nbsp; coded in the bacterial genome (EpmA, EpmB and EpmC proteins for EF-P with lysine and EarP- for those with arginine). Phylogenetic analysis has also unveiled an invariant proline in the -2 position of the tip of the loop in EF-Ps that utilize lysine modifications such as Escherichia coli. Bacteria with the arginine modification like Pseudomonas putida on the contrary have selected against it. Combining these observations with experimental evidence, we conclude that β3/β4 loop composition is important for functionalization of EF-P by chemically distinct modifications.</p>



<p class="abstract-para">Some bacterial genomes also code the elongation factor P-like (EfpL) protein that shares the same domain architecture with EF-P and has an extended loop of eight amino acid residues long. The evolution, sequence and the structure of EfpL protein have been extensively characterized. Using the assay based on luminescence emission and ribosomal profiles we have shown that EfpL can also relieve the arrest of the ribosome induced by polyproline motifs.</p>



<p class="abstract-para">We have also observed the negative correlation between the occurrence of the motif in the proteome of Escherichia coli and its stalling strength measured in luminescence assay. We hypothesize that motifs that cause strong ribosome stalling are disfavored in the protein sequences during evolution due to their impact on the dynamics of translation.</p>



<p class="abstract-para"><strong>Keywords:</strong> polyproline motifs, translation, post-translational modifications, evolution, ribosome profiling, ribosome stalling<br></p>



<p class="abstract-para"> </p>

<p>Marina Parr<sup>1*</sup>, Alina Sieber<sup>2</sup>, Prof. Dr. Dmitrij Frishman<sup>1</sup> and Dr. Jürgen Lassak<sup>2</sup></p>
<p class="affiliation-para"><sup>1</sup>Technical University of Munich, Germany</p>
<p class="affiliation-para"><sup>2</sup>Ludwig-Maximilians-Universität München, Germany</p>
<p> <a class="continue-reading-link" href="https://archive.belbi.bg.ac.rs/2023/abstract/elongation-factor-p-like-protein-and-polyproline-motifs/"><span>Continue reading</span><i class="crycon-right-dir"></i></a> </p>

<!-- This site is optimized with the Yoast SEO plugin v23.0 - https://yoast.com/wordpress/plugins/seo/ -->
<title>Elongation factor P (-like) protein and polyproline motifs - BelBi 2023</title>
<meta name="robots" content="noindex, follow" />
<meta property="og:locale" content="en_US" />
<meta property="og:type" content="article" />
<meta property="og:title" content="Elongation factor P (-like) protein and polyproline motifs - BelBi 2023" />
<meta property="og:description" content="Marina Parr1*, Alina Sieber2, Prof. Dr. Dmitrij Frishman1 and Dr. Jürgen Lassak21Technical University of Munich, Germany2Ludwig-Maximilians-Universität München, Germany Continue reading" />
<meta property="og:url" content="https://archive.belbi.bg.ac.rs/2023/abstract/elongation-factor-p-like-protein-and-polyproline-motifs/" />
<meta property="og:site_name" content="BelBi 2023" />
<meta property="article:modified_time" content="2023-06-14T17:37:23+00:00" />
<meta name="twitter:card" content="summary_large_image" />
<meta name="twitter:label1" content="Est. reading time" />
	<meta name="twitter:data1" content="2 minutes" />
<script type="application/ld+json" class="yoast-schema-graph">{"@context":"https://schema.org","@graph":[{"@type":"WebPage","@id":"https://archive.belbi.bg.ac.rs/2023/abstract/elongation-factor-p-like-protein-and-polyproline-motifs/","url":"https://archive.belbi.bg.ac.rs/2023/abstract/elongation-factor-p-like-protein-and-polyproline-motifs/","name":"Elongation factor P (-like) protein and polyproline motifs - BelBi 2023","isPartOf":{"@id":"https://archive.belbi.bg.ac.rs/2023/#website"},"datePublished":"2023-06-14T09:09:29+00:00","dateModified":"2023-06-14T17:37:23+00:00","breadcrumb":{"@id":"https://archive.belbi.bg.ac.rs/2023/abstract/elongation-factor-p-like-protein-and-polyproline-motifs/#breadcrumb"},"inLanguage":"en-US","potentialAction":[{"@type":"ReadAction","target":["https://archive.belbi.bg.ac.rs/2023/abstract/elongation-factor-p-like-protein-and-polyproline-motifs/"]}]},{"@type":"BreadcrumbList","@id":"https://archive.belbi.bg.ac.rs/2023/abstract/elongation-factor-p-like-protein-and-polyproline-motifs/#breadcrumb","itemListElement":[{"@type":"ListItem","position":1,"name":"Home","item":"https://archive.belbi.bg.ac.rs/2023/"},{"@type":"ListItem","position":2,"name":"Elongation factor P (-like) protein and polyproline motifs"}]},{"@type":"WebSite","@id":"https://archive.belbi.bg.ac.rs/2023/#website","url":"https://archive.belbi.bg.ac.rs/2023/","name":"BelBi 2023","description":"","publisher":{"@id":"https://archive.belbi.bg.ac.rs/2023/#organization"},"potentialAction":[{"@type":"SearchAction","target":{"@type":"EntryPoint","urlTemplate":"https://archive.belbi.bg.ac.rs/2023/?s={search_term_string}"},"query-input":"required name=search_term_string"}],"inLanguage":"en-US"},{"@type":"Organization","@id":"https://archive.belbi.bg.ac.rs/2023/#organization","name":"Belgrade Bioinformatics Conference","url":"https://archive.belbi.bg.ac.rs/2023/","logo":{"@type":"ImageObject","inLanguage":"en-US","@id":"https://archive.belbi.bg.ac.rs/2023/#/schema/logo/image/","url":"https://archive.belbi.bg.ac.rs/2023/wp-content/uploads/2023/02/145_97_171.png","contentUrl":"https://archive.belbi.bg.ac.rs/2023/wp-content/uploads/2023/02/145_97_171.png","width":278,"height":500,"caption":"Belgrade Bioinformatics Conference"},"image":{"@id":"https://archive.belbi.bg.ac.rs/2023/#/schema/logo/image/"}}]}</script>
<!-- / Yoast SEO plugin. -->

Marina Parr1*, Alina Sieber2, Prof. Dr. Dmitrij Frishman1 and Dr. Jürgen Lassak21Technical University of Munich, Germany2Ludwig-Maximilians-Universität München, Germany Continue reading
