{"id":2774,"date":"2023-06-13T01:08:23","date_gmt":"2023-06-13T00:08:23","guid":{"rendered":"https:\/\/archive.belbi.bg.ac.rs\/2023\/?post_type=abstract&#038;p=2774"},"modified":"2023-06-14T18:37:24","modified_gmt":"2023-06-14T17:37:24","slug":"decoding-cystic-fibrosis-phenotype","status":"publish","type":"abstract","link":"https:\/\/archive.belbi.bg.ac.rs\/2023\/abstract\/decoding-cystic-fibrosis-phenotype\/","title":{"rendered":"Decoding Cystic Fibrosis Phenotype"},"content":{"rendered":"\n<p>Aleksandra Divac Rankov<sup>1*<\/sup>, Du\u0161an U\u0161jak<sup>1<\/sup>, Martina Mia Miti\u0107<sup>1<\/sup>, and Jelena Kusic Tisma<sup>1<\/sup><\/p>\n\n\n\n<p class=\"affiliation-para\"><sup>1<\/sup>Institute of Molecular Genetics and Genetic Engineering, University of Belgrade, Vojvode Stepe 444a, Belgrade, Serbia<\/p>\n\n\n\n<p>aleksandradivac [at] imgge.bg.ac.rs<\/p>\n\n\n\n<p><strong>Abstract<\/strong><\/p>\n\n\n\n<p class=\"abstract-para\">Cystic fibrosis (CF) is a monogenic autosomal recessive disease caused by mutations in transmembrane conductance regulator (CFTR) gene. The golden standard for the diagnosis of CF is sweat chloride testing (&gt;60 mmol\/L) together with the identification of two CF-causing variants of CFTR gene. Nevertheless, about 0.01% of patients with elevated sweat chloride and high clinical suspicion of CF do not carry any CF-causing variants.<\/p>\n\n\n\n<p class=\"abstract-para\">Here we present analysis of whole exome sequencing (WES) results for two patients with elevated sweat chloride levels and clinical presentation of CF in whom no CF-causing mutations were detected after CFTR gene whole coding region sequencing, and large insertion\/deletion testing.<\/p>\n\n\n\n<p class=\"abstract-para\">Genomic DNA was extracted from whole blood, subjected to library preparation using DNA nanoball technology from BGI and sequenced on DNBSEQ-G400 (MGI). Produced fastq files were mapped to hg38 reference genome using BWA\/SAM tools. VCF files were generated using GATK (BaseRecalibrator, HaplotypeCaller) and annotated with InterVar and AnnoVar tools. Filtering of detected variants for disease relevance was done using the following criteria: QC Filter, GnomAD Allele Frequency, Functional consequences and phenotype-genotype relationship.<\/p>\n\n\n\n<p class=\"abstract-para\">In both patients, similar number of variants predicted to impair protein function were detected (27 and 25). In two genes (CACNA1H and MUC5B) missense type variants were found in both patients and loss of function variants were found in 7 and 11 genes, respectively. Functional assessment of selected variants is underway.<\/p>\n\n\n\n<p class=\"abstract-para\">Bioinformatics analyses are a valuable tool enabling identification of underlining genetic bases of disease phenotype, important in the context of optimal patient management and targeted therapies.<\/p>\n\n\n\n<p class=\"abstract-para\"><strong>Keywords:<\/strong> whole exome sequencing (WES), cystic fibrosis, variant assessment <\/p>\n\n\n\n<p class=\"abstract-para\"><strong>Acknowledgement:<\/strong> This work was supported by IMGGE work program for 2023, Ministry of Education, Science and Technological Development of the Republic of Serbia, 451-03-47\/2023-01\/200042.<\/p>\n","protected":false},"excerpt":{"rendered":"<p>Aleksandra Divac Rankov<sup>1*<\/sup>, Du\u0161an U\u0161jak<sup>1<\/sup>, Martina Mia Miti\u0107<sup>1<\/sup>, and Jelena Kusic Tisma<sup>1<\/sup><\/p>\n<p class=\"affiliation-para\"><sup>1<\/sup>Institute of Molecular Genetics and Genetic Engineering, University of Belgrade, Vojvode Stepe 444a, Belgrade, Serbia<\/p>\n<p> <a class=\"continue-reading-link\" href=\"https:\/\/archive.belbi.bg.ac.rs\/2023\/abstract\/decoding-cystic-fibrosis-phenotype\/\"><span>Continue reading<\/span><i class=\"crycon-right-dir\"><\/i><\/a> <\/p>\n","protected":false},"author":162,"featured_media":0,"template":"","categories":[18],"tags":[],"yoast_head":"<!-- This site is optimized with the Yoast SEO plugin v23.0 - https:\/\/yoast.com\/wordpress\/plugins\/seo\/ -->\n<title>Decoding Cystic Fibrosis Phenotype - BelBi 2023<\/title>\n<meta name=\"robots\" content=\"noindex, follow\" \/>\n<meta property=\"og:locale\" content=\"en_US\" \/>\n<meta property=\"og:type\" content=\"article\" \/>\n<meta property=\"og:title\" content=\"Decoding Cystic Fibrosis Phenotype - BelBi 2023\" \/>\n<meta property=\"og:description\" content=\"Aleksandra Divac Rankov1*, Du\u0161an U\u0161jak1, Martina Mia Miti\u01071, and Jelena Kusic Tisma11Institute of Molecular Genetics and Genetic Engineering, University of Belgrade, Vojvode Stepe 444a, Belgrade, Serbia Continue reading\" \/>\n<meta property=\"og:url\" content=\"https:\/\/archive.belbi.bg.ac.rs\/2023\/abstract\/decoding-cystic-fibrosis-phenotype\/\" \/>\n<meta property=\"og:site_name\" content=\"BelBi 2023\" \/>\n<meta property=\"article:modified_time\" content=\"2023-06-14T17:37:24+00:00\" \/>\n<meta name=\"twitter:card\" content=\"summary_large_image\" \/>\n<meta name=\"twitter:label1\" content=\"Est. reading time\" \/>\n\t<meta name=\"twitter:data1\" content=\"2 minutes\" \/>\n<script type=\"application\/ld+json\" class=\"yoast-schema-graph\">{\"@context\":\"https:\/\/schema.org\",\"@graph\":[{\"@type\":\"WebPage\",\"@id\":\"https:\/\/archive.belbi.bg.ac.rs\/2023\/abstract\/decoding-cystic-fibrosis-phenotype\/\",\"url\":\"https:\/\/archive.belbi.bg.ac.rs\/2023\/abstract\/decoding-cystic-fibrosis-phenotype\/\",\"name\":\"Decoding Cystic Fibrosis Phenotype - BelBi 2023\",\"isPartOf\":{\"@id\":\"https:\/\/archive.belbi.bg.ac.rs\/2023\/#website\"},\"datePublished\":\"2023-06-13T00:08:23+00:00\",\"dateModified\":\"2023-06-14T17:37:24+00:00\",\"breadcrumb\":{\"@id\":\"https:\/\/archive.belbi.bg.ac.rs\/2023\/abstract\/decoding-cystic-fibrosis-phenotype\/#breadcrumb\"},\"inLanguage\":\"en-US\",\"potentialAction\":[{\"@type\":\"ReadAction\",\"target\":[\"https:\/\/archive.belbi.bg.ac.rs\/2023\/abstract\/decoding-cystic-fibrosis-phenotype\/\"]}]},{\"@type\":\"BreadcrumbList\",\"@id\":\"https:\/\/archive.belbi.bg.ac.rs\/2023\/abstract\/decoding-cystic-fibrosis-phenotype\/#breadcrumb\",\"itemListElement\":[{\"@type\":\"ListItem\",\"position\":1,\"name\":\"Home\",\"item\":\"https:\/\/archive.belbi.bg.ac.rs\/2023\/\"},{\"@type\":\"ListItem\",\"position\":2,\"name\":\"Decoding Cystic Fibrosis Phenotype\"}]},{\"@type\":\"WebSite\",\"@id\":\"https:\/\/archive.belbi.bg.ac.rs\/2023\/#website\",\"url\":\"https:\/\/archive.belbi.bg.ac.rs\/2023\/\",\"name\":\"BelBi 2023\",\"description\":\"\",\"publisher\":{\"@id\":\"https:\/\/archive.belbi.bg.ac.rs\/2023\/#organization\"},\"potentialAction\":[{\"@type\":\"SearchAction\",\"target\":{\"@type\":\"EntryPoint\",\"urlTemplate\":\"https:\/\/archive.belbi.bg.ac.rs\/2023\/?s={search_term_string}\"},\"query-input\":\"required name=search_term_string\"}],\"inLanguage\":\"en-US\"},{\"@type\":\"Organization\",\"@id\":\"https:\/\/archive.belbi.bg.ac.rs\/2023\/#organization\",\"name\":\"Belgrade Bioinformatics Conference\",\"url\":\"https:\/\/archive.belbi.bg.ac.rs\/2023\/\",\"logo\":{\"@type\":\"ImageObject\",\"inLanguage\":\"en-US\",\"@id\":\"https:\/\/archive.belbi.bg.ac.rs\/2023\/#\/schema\/logo\/image\/\",\"url\":\"https:\/\/archive.belbi.bg.ac.rs\/2023\/wp-content\/uploads\/2023\/02\/145_97_171.png\",\"contentUrl\":\"https:\/\/archive.belbi.bg.ac.rs\/2023\/wp-content\/uploads\/2023\/02\/145_97_171.png\",\"width\":278,\"height\":500,\"caption\":\"Belgrade Bioinformatics Conference\"},\"image\":{\"@id\":\"https:\/\/archive.belbi.bg.ac.rs\/2023\/#\/schema\/logo\/image\/\"}}]}<\/script>\n<!-- \/ Yoast SEO plugin. -->","yoast_head_json":{"title":"Decoding Cystic Fibrosis Phenotype - BelBi 2023","robots":{"index":"noindex","follow":"follow"},"og_locale":"en_US","og_type":"article","og_title":"Decoding Cystic Fibrosis Phenotype - BelBi 2023","og_description":"Aleksandra Divac Rankov1*, Du\u0161an U\u0161jak1, Martina Mia Miti\u01071, and Jelena Kusic Tisma11Institute of Molecular Genetics and Genetic Engineering, University of Belgrade, Vojvode Stepe 444a, Belgrade, Serbia Continue reading","og_url":"https:\/\/archive.belbi.bg.ac.rs\/2023\/abstract\/decoding-cystic-fibrosis-phenotype\/","og_site_name":"BelBi 2023","article_modified_time":"2023-06-14T17:37:24+00:00","twitter_card":"summary_large_image","twitter_misc":{"Est. reading time":"2 minutes"},"schema":{"@context":"https:\/\/schema.org","@graph":[{"@type":"WebPage","@id":"https:\/\/archive.belbi.bg.ac.rs\/2023\/abstract\/decoding-cystic-fibrosis-phenotype\/","url":"https:\/\/archive.belbi.bg.ac.rs\/2023\/abstract\/decoding-cystic-fibrosis-phenotype\/","name":"Decoding Cystic Fibrosis Phenotype - BelBi 2023","isPartOf":{"@id":"https:\/\/archive.belbi.bg.ac.rs\/2023\/#website"},"datePublished":"2023-06-13T00:08:23+00:00","dateModified":"2023-06-14T17:37:24+00:00","breadcrumb":{"@id":"https:\/\/archive.belbi.bg.ac.rs\/2023\/abstract\/decoding-cystic-fibrosis-phenotype\/#breadcrumb"},"inLanguage":"en-US","potentialAction":[{"@type":"ReadAction","target":["https:\/\/archive.belbi.bg.ac.rs\/2023\/abstract\/decoding-cystic-fibrosis-phenotype\/"]}]},{"@type":"BreadcrumbList","@id":"https:\/\/archive.belbi.bg.ac.rs\/2023\/abstract\/decoding-cystic-fibrosis-phenotype\/#breadcrumb","itemListElement":[{"@type":"ListItem","position":1,"name":"Home","item":"https:\/\/archive.belbi.bg.ac.rs\/2023\/"},{"@type":"ListItem","position":2,"name":"Decoding Cystic Fibrosis Phenotype"}]},{"@type":"WebSite","@id":"https:\/\/archive.belbi.bg.ac.rs\/2023\/#website","url":"https:\/\/archive.belbi.bg.ac.rs\/2023\/","name":"BelBi 2023","description":"","publisher":{"@id":"https:\/\/archive.belbi.bg.ac.rs\/2023\/#organization"},"potentialAction":[{"@type":"SearchAction","target":{"@type":"EntryPoint","urlTemplate":"https:\/\/archive.belbi.bg.ac.rs\/2023\/?s={search_term_string}"},"query-input":"required name=search_term_string"}],"inLanguage":"en-US"},{"@type":"Organization","@id":"https:\/\/archive.belbi.bg.ac.rs\/2023\/#organization","name":"Belgrade Bioinformatics Conference","url":"https:\/\/archive.belbi.bg.ac.rs\/2023\/","logo":{"@type":"ImageObject","inLanguage":"en-US","@id":"https:\/\/archive.belbi.bg.ac.rs\/2023\/#\/schema\/logo\/image\/","url":"https:\/\/archive.belbi.bg.ac.rs\/2023\/wp-content\/uploads\/2023\/02\/145_97_171.png","contentUrl":"https:\/\/archive.belbi.bg.ac.rs\/2023\/wp-content\/uploads\/2023\/02\/145_97_171.png","width":278,"height":500,"caption":"Belgrade Bioinformatics Conference"},"image":{"@id":"https:\/\/archive.belbi.bg.ac.rs\/2023\/#\/schema\/logo\/image\/"}}]}},"_links":{"self":[{"href":"https:\/\/archive.belbi.bg.ac.rs\/2023\/wp-json\/wp\/v2\/abstract\/2774"}],"collection":[{"href":"https:\/\/archive.belbi.bg.ac.rs\/2023\/wp-json\/wp\/v2\/abstract"}],"about":[{"href":"https:\/\/archive.belbi.bg.ac.rs\/2023\/wp-json\/wp\/v2\/types\/abstract"}],"author":[{"embeddable":true,"href":"https:\/\/archive.belbi.bg.ac.rs\/2023\/wp-json\/wp\/v2\/users\/162"}],"wp:attachment":[{"href":"https:\/\/archive.belbi.bg.ac.rs\/2023\/wp-json\/wp\/v2\/media?parent=2774"}],"wp:term":[{"taxonomy":"category","embeddable":true,"href":"https:\/\/archive.belbi.bg.ac.rs\/2023\/wp-json\/wp\/v2\/categories?post=2774"},{"taxonomy":"post_tag","embeddable":true,"href":"https:\/\/archive.belbi.bg.ac.rs\/2023\/wp-json\/wp\/v2\/tags?post=2774"}],"curies":[{"name":"wp","href":"https:\/\/api.w.org\/{rel}","templated":true}]}}

<p>Aleksandra Divac Rankov<sup>1*</sup>, Dušan Ušjak<sup>1</sup>, Martina Mia Mitić<sup>1</sup>, and Jelena Kusic Tisma<sup>1</sup></p>



<p class="affiliation-para"><sup>1</sup>Institute of Molecular Genetics and Genetic Engineering, University of Belgrade, Vojvode Stepe 444a, Belgrade, Serbia</p>



<p>aleksandradivac [at] imgge.bg.ac.rs</p>



<p><strong>Abstract</strong></p>



<p class="abstract-para">Cystic fibrosis (CF) is a monogenic autosomal recessive disease caused by mutations in transmembrane conductance regulator (CFTR) gene. The golden standard for the diagnosis of CF is sweat chloride testing (&gt;60 mmol/L) together with the identification of two CF-causing variants of CFTR gene. Nevertheless, about 0.01% of patients with elevated sweat chloride and high clinical suspicion of CF do not carry any CF-causing variants.</p>



<p class="abstract-para">Here we present analysis of whole exome sequencing (WES) results for two patients with elevated sweat chloride levels and clinical presentation of CF in whom no CF-causing mutations were detected after CFTR gene whole coding region sequencing, and large insertion/deletion testing.</p>



<p class="abstract-para">Genomic DNA was extracted from whole blood, subjected to library preparation using DNA nanoball technology from BGI and sequenced on DNBSEQ-G400 (MGI). Produced fastq files were mapped to hg38 reference genome using BWA/SAM tools. VCF files were generated using GATK (BaseRecalibrator, HaplotypeCaller) and annotated with InterVar and AnnoVar tools. Filtering of detected variants for disease relevance was done using the following criteria: QC Filter, GnomAD Allele Frequency, Functional consequences and phenotype-genotype relationship.</p>



<p class="abstract-para">In both patients, similar number of variants predicted to impair protein function were detected (27 and 25). In two genes (CACNA1H and MUC5B) missense type variants were found in both patients and loss of function variants were found in 7 and 11 genes, respectively. Functional assessment of selected variants is underway.</p>



<p class="abstract-para">Bioinformatics analyses are a valuable tool enabling identification of underlining genetic bases of disease phenotype, important in the context of optimal patient management and targeted therapies.</p>



<p class="abstract-para"><strong>Keywords:</strong> whole exome sequencing (WES), cystic fibrosis, variant assessment </p>



<p class="abstract-para"><strong>Acknowledgement:</strong> This work was supported by IMGGE work program for 2023, Ministry of Education, Science and Technological Development of the Republic of Serbia, 451-03-47/2023-01/200042.</p>

<p>Aleksandra Divac Rankov<sup>1*</sup>, Dušan Ušjak<sup>1</sup>, Martina Mia Mitić<sup>1</sup>, and Jelena Kusic Tisma<sup>1</sup></p>
<p class="affiliation-para"><sup>1</sup>Institute of Molecular Genetics and Genetic Engineering, University of Belgrade, Vojvode Stepe 444a, Belgrade, Serbia</p>
<p> <a class="continue-reading-link" href="https://archive.belbi.bg.ac.rs/2023/abstract/decoding-cystic-fibrosis-phenotype/"><span>Continue reading</span><i class="crycon-right-dir"></i></a> </p>

<!-- This site is optimized with the Yoast SEO plugin v23.0 - https://yoast.com/wordpress/plugins/seo/ -->
<title>Decoding Cystic Fibrosis Phenotype - BelBi 2023</title>
<meta name="robots" content="noindex, follow" />
<meta property="og:locale" content="en_US" />
<meta property="og:type" content="article" />
<meta property="og:title" content="Decoding Cystic Fibrosis Phenotype - BelBi 2023" />
<meta property="og:description" content="Aleksandra Divac Rankov1*, Dušan Ušjak1, Martina Mia Mitić1, and Jelena Kusic Tisma11Institute of Molecular Genetics and Genetic Engineering, University of Belgrade, Vojvode Stepe 444a, Belgrade, Serbia Continue reading" />
<meta property="og:url" content="https://archive.belbi.bg.ac.rs/2023/abstract/decoding-cystic-fibrosis-phenotype/" />
<meta property="og:site_name" content="BelBi 2023" />
<meta property="article:modified_time" content="2023-06-14T17:37:24+00:00" />
<meta name="twitter:card" content="summary_large_image" />
<meta name="twitter:label1" content="Est. reading time" />
	<meta name="twitter:data1" content="2 minutes" />
<script type="application/ld+json" class="yoast-schema-graph">{"@context":"https://schema.org","@graph":[{"@type":"WebPage","@id":"https://archive.belbi.bg.ac.rs/2023/abstract/decoding-cystic-fibrosis-phenotype/","url":"https://archive.belbi.bg.ac.rs/2023/abstract/decoding-cystic-fibrosis-phenotype/","name":"Decoding Cystic Fibrosis Phenotype - BelBi 2023","isPartOf":{"@id":"https://archive.belbi.bg.ac.rs/2023/#website"},"datePublished":"2023-06-13T00:08:23+00:00","dateModified":"2023-06-14T17:37:24+00:00","breadcrumb":{"@id":"https://archive.belbi.bg.ac.rs/2023/abstract/decoding-cystic-fibrosis-phenotype/#breadcrumb"},"inLanguage":"en-US","potentialAction":[{"@type":"ReadAction","target":["https://archive.belbi.bg.ac.rs/2023/abstract/decoding-cystic-fibrosis-phenotype/"]}]},{"@type":"BreadcrumbList","@id":"https://archive.belbi.bg.ac.rs/2023/abstract/decoding-cystic-fibrosis-phenotype/#breadcrumb","itemListElement":[{"@type":"ListItem","position":1,"name":"Home","item":"https://archive.belbi.bg.ac.rs/2023/"},{"@type":"ListItem","position":2,"name":"Decoding Cystic Fibrosis Phenotype"}]},{"@type":"WebSite","@id":"https://archive.belbi.bg.ac.rs/2023/#website","url":"https://archive.belbi.bg.ac.rs/2023/","name":"BelBi 2023","description":"","publisher":{"@id":"https://archive.belbi.bg.ac.rs/2023/#organization"},"potentialAction":[{"@type":"SearchAction","target":{"@type":"EntryPoint","urlTemplate":"https://archive.belbi.bg.ac.rs/2023/?s={search_term_string}"},"query-input":"required name=search_term_string"}],"inLanguage":"en-US"},{"@type":"Organization","@id":"https://archive.belbi.bg.ac.rs/2023/#organization","name":"Belgrade Bioinformatics Conference","url":"https://archive.belbi.bg.ac.rs/2023/","logo":{"@type":"ImageObject","inLanguage":"en-US","@id":"https://archive.belbi.bg.ac.rs/2023/#/schema/logo/image/","url":"https://archive.belbi.bg.ac.rs/2023/wp-content/uploads/2023/02/145_97_171.png","contentUrl":"https://archive.belbi.bg.ac.rs/2023/wp-content/uploads/2023/02/145_97_171.png","width":278,"height":500,"caption":"Belgrade Bioinformatics Conference"},"image":{"@id":"https://archive.belbi.bg.ac.rs/2023/#/schema/logo/image/"}}]}</script>
<!-- / Yoast SEO plugin. -->

Aleksandra Divac Rankov1*, Dušan Ušjak1, Martina Mia Mitić1, and Jelena Kusic Tisma11Institute of Molecular Genetics and Genetic Engineering, University of Belgrade, Vojvode Stepe 444a, Belgrade, Serbia Continue reading
